0 = -0*i - 2*i + 2. What is the remainder when j/2*13/((-13)/2) is divided by i?
0
Let z = 1360 + -1339. Suppose -2*a - 747 = -5*a. What is the remainder when a is divided by z?
18
Let x be 4 + (-3 + 6 - 7). Suppose 3*d - 25 - 66 = m, 4*d - m - 121 = x. What is the remainder when d is divided by 8?
6
Suppose -7*i + 36*i = 1044. Calculate the remainder when 97 is divided by i.
25
Let b = 1915 + -1184. Calculate the remainder when b is divided by 23.
18
Let s = 18 + -15. Let l(z) = -18*z**3 + 2*z + 1. Let o(n) = 36*n**3 - 5*n - 3. Let j(k) = s*o(k) + 7*l(k). What is the remainder when 66 is divided by j(-1)?
15
Let u(s) = 3*s + 1. Let r = -3 - 4. Let g = r + 11. Calculate the remainder when u(g) is divided by 7.
6
Let a be (0/4)/(2/1). Suppose 3*w - 51 - 45 = a. Suppose -3*x + x + w = 2*z, 0 = -2*z + x + 35. Calculate the remainder when 82 is divided by z.
14
Let k(p) = p**3 - 5*p**2 + 2*p - 6. Let r be k(5). Suppose -r*b + 45 = -3*b. Suppose -3*f = 506 - 542. Calculate the remainder when b is divided by f.
9
What is the remainder when 178 is divided by 50 + -2 + (6 - 7)?
37
Suppose 4*k - 168 = -0*n + 3*n, -8 = -2*n. Suppose -3*w - 5*s = -111, 2*s = 2*w + 6*s - 76. Let l = k - w. What is the remainder when 25 is divided by l?
12
Let o = 98 + 39. What is the remainder when o is divided by 30/75 - 98/(-5)?
17
Suppose z + 2*f = f + 14, -2*f = -4. Let m(c) = 2*c**2 - 22*c + 7. Calculate the remainder when 91 is divided by m(z).
29
Let z(y) = 2*y + 80. What is the remainder when z(12) is divided by 55?
49
Let d = 10 - 4. Let y be ((-3)/(-3))/(2/d). Suppose -46 = -y*x + 35. What is the remainder when 107 is divided by x?
26
Calculate the remainder when 2/(-10) + 2842/10 + -6 is divided by 93.
92
Calculate the remainder when 56 is divided by 142/5 - 8/20 - -2.
26
Suppose 46*m - 463 = 549. Calculate the remainder when 85 is divided by m.
19
Let z = 20 + -32. Let c = 0 - z. Calculate the remainder when c is divided by 5.
2
Let u = -65 + 207. Let g = 413 + -410. Suppose 2*j - u = -3*f + j, -5*f - g*j + 242 = 0. What is the remainder when f is divided by 24?
22
Let t(p) = -2*p + 7 + 5*p**3 + 6*p - 4*p**3 + 0*p**3 - 6*p**2. Let n be t(5). Suppose 24 = -i + n*i. Calculate the remainder when 70 is divided by i.
22
Let a be (8 + 0)*19/2. Suppose a = 3*t - 173. Calculate the remainder when t is divided by 28.
27
Let x(l) be the third derivative of l**5/30 + l**4/12 + 2*l**3/3 - 3*l**2. Let z = -104 + 114. What is the remainder when x(3) is divided by z?
8
Suppose 2*j - 83 = n, -5*n - 245 = -2*n - 2*j. Let o = n - -87. What is the remainder when 11 is divided by o?
5
Let r = 111 + -81. What is the remainder when 119 is divided by r?
29
Let g be (11 + -9)*(-1 + -2). Let v(c) = 5*c - 1. Let l be v(g). Let a = l + 47. What is the remainder when 61 is divided by a?
13
Let u(q) = -q**2 - 10*q + 2. Let z be u(-7). Let w = z - 15. Calculate the remainder when w is divided by 3.
2
Suppose -7*q = -10*q + 225. Let o = -51 + q. What is the remainder when 93 is divided by o?
21
Let n be 5 + (-1 + 1 - 2). Let b(p) = -70*p**3 - 6 + 4 - 2*p**2 - 4*p + 65*p**n. What is the remainder when b(-2) is divided by 10?
8
Suppose -3*s - 15 = -0, -j - s = -10. Let i be j*1 - (2 - 0). Suppose 4*o - i - 19 = 0. Calculate the remainder when 22 is divided by o.
6
What is the remainder when 0 + (-3)/(-9) + 2652/36 is divided by 16?
10
Let l = 1135 + -919. What is the remainder when l is divided by 53?
4
Let d(f) = -f**3 - 13*f**2 + 10*f + 176. Calculate the remainder when d(-13) is divided by (1/2 - 1)*-32.
14
Suppose -6*g = -g - 35. Suppose -g*l = -6*l - 12. Let q = l + 4. Calculate the remainder when 61 is divided by q.
13
Suppose -6*j - 2*v = -5*j - 23, 0 = 2*j + 5*v - 51. What is the remainder when 725 is divided by j?
10
Let l = -52 - -74. What is the remainder when l is divided by 2?
0
Calculate the remainder when (-154)/(-4) - 15/(-10) is divided by 12.
4
Suppose -10*q + 402 + 278 = 0. What is the remainder when 116 is divided by q?
48
Let i be (-2)/(-3) - (-2 + 4/(-12)). Suppose -72 = -3*l - i*l. What is the remainder when 47 is divided by l?
11
Let r(x) = x - 1. Let l(w) = w**3 + 11*w**2 + 2*w - 9. Let a(p) = l(p) + 6*r(p). What is the remainder when 18 is divided by a(-10)?
3
Suppose 73 = 2*b + 5*r, 2*r + 38 = -5*b + 7*b. Suppose -3*z = -0*z - b. Calculate the remainder when 0*(-2)/(-4) + 14 is divided by z.
6
Let p = 69 + -60. Suppose 0*r - 18 = 2*r. Let s(k) = k**3 + 9*k**2 - 2*k + 7. Calculate the remainder when s(r) is divided by p.
7
Let j = 19 + -19. Suppose 3*i - 8*i + 15 = j. Suppose 4*q = q + 4*y + 15, -3*q + 2*y + 21 = 0. Calculate the remainder when q is divided by i.
0
Let c(b) = b**3 - 6*b**2 + 7*b - 1. Let q be c(5). Suppose 0 = -3*r + r - x + 17, 2*x + 1 = r. What is the remainder when 3/(q/78) + 0 is divided by r?
5
Suppose -7*o = -2*o - 4*y - 257, -3*o + 156 = -3*y. What is the remainder when o is divided by 15?
4
Suppose -1776 = 61*w - 67*w. What is the remainder when w is divided by 20?
16
Let c = 5 - 32. Let q = 8 - c. Suppose 2*d = d - 5*g + q, 0 = d + 4*g - 34. What is the remainder when d is divided by 16?
14
What is the remainder when 133/(-399) - (-2 + (-1496)/6) is divided by 120?
11
Let x = 489 - 434. Let l = 5 + -5. Let o = l - -29. What is the remainder when x is divided by o?
26
Let k = 2312 - 1929. Calculate the remainder when k is divided by 12.
11
What is the remainder when 206 is divided by (-156)/(-416) - 218/(-16)?
10
Suppose 4*z = -f - 12, 0*f + 3*f = z + 16. What is the remainder when 39 is divided by 1*4/f*14?
11
Let r(z) be the third derivative of 1/6*z**3 + 11/15*z**5 + 0*z**4 + 0 + 0*z - 4*z**2. What is the remainder when r(-1) is divided by 16?
13
Let l be (-6)/(-21) + 23/(-7). What is the remainder when -20*12/9*l is divided by 27?
26
Let u = -951 - -962. Suppose 3*r + 0*a = a + 133, -2*a - 94 = -2*r. What is the remainder when r is divided by u?
10
Suppose -7434 = 29*s - 47*s. What is the remainder when s is divided by 46?
45
Let k = -265 - -278. What is the remainder when 22 is divided by k?
9
Let u = 43 - 20. Let b(p) = -p**2 + 13*p + 5. Let h be b(10). Suppose -d + 56 = -h. Calculate the remainder when d is divided by u.
22
Suppose -3*v = -f - 8*v + 21, 0 = -3*f + v - 17. What is the remainder when 52/(-20)*(-1 + f) is divided by 4?
1
Let b(m) = -2*m**2 - 34*m + 133. Calculate the remainder when 374 is divided by b(-20).
10
Let w = 107 + -63. What is the remainder when 306 is divided by w?
42
Suppose 15 = w - 3*w + m, 38 = -5*w + 2*m. Calculate the remainder when 2*14 - (w - -9) is divided by 10.
7
Let f = 220 + -173. What is the remainder when 117 is divided by f?
23
Suppose 4*x - 55 = -7*x. Suppose 9*q + 52 = 4*u + 4*q, -x*u + 2*q = -65. Calculate the remainder when 48 is divided by u.
9
Suppose 4*q + k - 2770 = 0, 24*k - 26*k - 4 = 0. What is the remainder when q is divided by 29?
26
Suppose 190 = 3*r + 4*u, 8*r = 9*r + 4*u - 74. Let o = -1 + r. What is the remainder when o is divided by (10/6)/((-2)/(-18))?
12
What is the remainder when (462/105)/22 - (-2898)/10 is divided by 60?
50
Let a(o) = -2*o + 9. Let s(w) = 4*w - 19. Let t(h) = -5*a(h) - 2*s(h). Calculate the remainder when (-110)/40*-16 - 17 is divided by t(7).
6
Let l(v) = -v + 49. Let b(u) = -u + 49. Let f(k) = -2*b(k) + 3*l(k). Let z(a) = -a + 20. Calculate the remainder when f(10) is divided by z(0).
19
Let c(y) = 20*y**2 + 15*y + 13. Let v = -56 + 108. Calculate the remainder when v is divided by c(-1).
16
Let a(n) = 16*n - 694. What is the remainder when a(52) is divided by 37?
27
Suppose 128*t - 8134 = 30*t. What is the remainder when 743 is divided by t?
79
Let w(b) = -14*b**3 - b**2. Let t(v) = -v**3 + v**2 + 2*v. Let k be t(2). Suppose k*o = o - 8. Calculate the remainder when w(-1) is divided by o.
5
Suppose 56 = -2*x + 10*x. Calculate the remainder when 24 is divided by x.
3
Let u(s) = 9*s**2 - 21*s + 4. Calculate the remainder when 347 is divided by u(3).
17
Let h = 1 + 12. Suppose -k + h = 3*t, 4*k - 17 - 35 = -2*t. What is the remainder when k is divided by 9?
4
Let d(w) be the second derivative of 7*w - 5/2*w**2 - 2/3*w**3 + 1/3*w**4 + 0. What is the remainder when d(4) is divided by 15?
13
Let b(r) = r**2 + 7*r - 27. Let q = -5 - 7. Calculate the remai